{"id":38,"date":"2018-12-02T21:50:17","date_gmt":"2018-12-02T20:50:17","guid":{"rendered":"http:\/\/schreinerei-schmeling.de\/?page_id=38"},"modified":"2019-01-15T14:23:43","modified_gmt":"2019-01-15T13:23:43","slug":"impressum","status":"publish","type":"page","link":"https:\/\/schreinerei-schmeling.de\/index.php\/impressum\/","title":{"rendered":"Impressum"},"content":{"rendered":"\n<p><\/p>\n\n\n\n<p> Friedrich Schmeling GmbH<br> Alte Stra\u00dfe 67, 45481 M\u00fclheim a. d. Ruhr<br> Tel. 0208-424559, Fax 0208-421147<br> Gesch\u00e4ftsf\u00fchrer: Friedrich + Fritz Schmeling<br> Sitz: M\u00fclheim a. d. Ruhr<br> Amtsgericht Duisburg, HRB-Nr. 15149,<br> USt IDNr. : DE 162919691<\/p>\n\n\n\n<p> <br>Inhaltlich verantwortlich gem\u00e4\u00df \u00a7 55 Abs. 2 RStV : Friedrich Schmeling<\/p>\n","protected":false},"excerpt":{"rendered":"<p>Friedrich Schmeling GmbH Alte Stra\u00dfe 67, 45481 M\u00fclheim a. d. Ruhr Tel. 0208-424559, Fax 0208-421147 Gesch\u00e4ftsf\u00fchrer: Friedrich + Fritz Schmeling Sitz: M\u00fclheim a. d. Ruhr Amtsgericht Duisburg, HRB-Nr. 15149, USt&hellip; <br \/> <a class=\"read-more\" href=\"https:\/\/schreinerei-schmeling.de\/index.php\/impressum\/\">Weiterlesen<\/a><\/p>\n","protected":false},"author":1,"featured_media":0,"parent":0,"menu_order":0,"comment_status":"closed","ping_status":"closed","template":"","meta":{"ngg_post_thumbnail":0},"_links":{"self":[{"href":"https:\/\/schreinerei-schmeling.de\/index.php\/wp-json\/wp\/v2\/pages\/38"}],"collection":[{"href":"https:\/\/schreinerei-schmeling.de\/index.php\/wp-json\/wp\/v2\/pages"}],"about":[{"href":"https:\/\/schreinerei-schmeling.de\/index.php\/wp-json\/wp\/v2\/types\/page"}],"author":[{"embeddable":true,"href":"https:\/\/schreinerei-schmeling.de\/index.php\/wp-json\/wp\/v2\/users\/1"}],"replies":[{"embeddable":true,"href":"https:\/\/schreinerei-schmeling.de\/index.php\/wp-json\/wp\/v2\/comments?post=38"}],"version-history":[{"count":10,"href":"https:\/\/schreinerei-schmeling.de\/index.php\/wp-json\/wp\/v2\/pages\/38\/revisions"}],"predecessor-version":[{"id":213,"href":"https:\/\/schreinerei-schmeling.de\/index.php\/wp-json\/wp\/v2\/pages\/38\/revisions\/213"}],"wp:attachment":[{"href":"https:\/\/schreinerei-schmeling.de\/index.php\/wp-json\/wp\/v2\/media?parent=38"}],"curies":[{"name":"wp","href":"https:\/\/api.w.org\/{rel}","templated":true}]}}

<p></p>



<p> Friedrich Schmeling GmbH<br> Alte Straße 67, 45481 Mülheim a. d. Ruhr<br> Tel. 0208-424559, Fax 0208-421147<br> Geschäftsführer: Friedrich + Fritz Schmeling<br> Sitz: Mülheim a. d. Ruhr<br> Amtsgericht Duisburg, HRB-Nr. 15149,<br> USt IDNr. : DE 162919691</p>



<p> <br>Inhaltlich verantwortlich gemäß § 55 Abs. 2 RStV : Friedrich Schmeling</p>

<p>Friedrich Schmeling GmbH Alte Straße 67, 45481 Mülheim a. d. Ruhr Tel. 0208-424559, Fax 0208-421147 Geschäftsführer: Friedrich + Fritz Schmeling Sitz: Mülheim a. d. Ruhr Amtsgericht Duisburg, HRB-Nr. 15149, USt&hellip; <br /> <a class="read-more" href="https://schreinerei-schmeling.de/index.php/impressum/">Weiterlesen</a></p>
