{"id":3,"date":"2018-12-02T13:39:42","date_gmt":"2018-12-02T12:39:42","guid":{"rendered":"http:\/\/schreinerei-schmeling.de\/?page_id=3"},"modified":"2019-12-05T16:08:14","modified_gmt":"2019-12-05T15:08:14","slug":"datenschutzerklaerung","status":"publish","type":"page","link":"https:\/\/schreinerei-schmeling.de\/index.php\/datenschutzerklaerung\/","title":{"rendered":"Datenschutzerkl\u00e4rung"},"content":{"rendered":"\t\t<div data-elementor-type=\"wp-page\" data-elementor-id=\"3\" class=\"elementor elementor-3\">\n\t\t\t\t\t\t<div class=\"elementor-inner\">\n\t\t\t\t<div class=\"elementor-section-wrap\">\n\t\t\t\t\t\t\t\t\t<section class=\"elementor-section elementor-top-section elementor-element elementor-element-18e02e9e elementor-section-boxed elementor-section-height-default elementor-section-height-default\" data-id=\"18e02e9e\" data-element_type=\"section\">\n\t\t\t\t\t\t<div class=\"elementor-container elementor-column-gap-default\">\n\t\t\t\t\t\t\t<div class=\"elementor-row\">\n\t\t\t\t\t<div class=\"elementor-column elementor-col-100 elementor-top-column elementor-element elementor-element-b14d6c4\" data-id=\"b14d6c4\" data-element_type=\"column\">\n\t\t\t<div class=\"elementor-column-wrap elementor-element-populated\">\n\t\t\t\t\t\t\t<div class=\"elementor-widget-wrap\">\n\t\t\t\t\t\t<div class=\"elementor-element elementor-element-27fbfd83 elementor-widget elementor-widget-text-editor\" data-id=\"27fbfd83\" data-element_type=\"widget\" data-widget_type=\"text-editor.default\">\n\t\t\t\t<div class=\"elementor-widget-container\">\n\t\t\t\t\t\t\t\t<div class=\"elementor-text-editor elementor-clearfix\">\n\t\t\t\t<h2>Wer wir sind<\/h2><p>Die Adresse unserer Website ist: http:\/\/schreinerei-schmeling.de.<\/p><p>Datenschutzerkl\u00e4rung<\/p><h2>1. Datenschutz auf einen Blick<\/h2><h3><br \/>Allgemeine Hinweise<\/h3><p>Die folgenden Hinweise geben einen einfachen \u00dcberblick dar\u00fcber, was mit Ihren personenbezogenen<br \/>Daten passiert, wenn Sie unsere Website besuchen. Personenbezogene Daten sind alle Daten, mit<br \/>denen Sie pers\u00f6nlich identifiziert werden k\u00f6nnen. Ausf\u00fchrliche Informationen zum Thema<br \/>Datenschutz entnehmen Sie unserer unter diesem Text aufgef\u00fchrten Datenschutzerkl\u00e4rung.<br \/>Datenerfassung auf unserer Website<br \/>Wer ist verantwortlich f\u00fcr die Datenerfassung auf dieser Website?<br \/>Die Datenverarbeitung auf dieser Website erfolgt durch den Websitebetreiber. Dessen Kontaktdaten<br \/>k\u00f6nnen Sie dem Impressum dieser Website entnehmen.<\/p><h3><br \/>Wie erfassen wir Ihre Daten?<\/h3><p><br \/>Ihre Daten werden zum einen dadurch erhoben, dass Sie uns diese mitteilen. Hierbei kann es sich z.B.<br \/>um Daten handeln, die Sie in ein Kontaktformular eingeben. Andere Daten werden automatisch beim<br \/>Besuch der Website durch unsere IT-Systeme erfasst. Das sind vor allem technische Daten (z.B.<br \/>Internetbrowser, Betriebssystem oder Uhrzeit des Seitenaufrufs). Die Erfassung dieser Daten erfolgt<br \/>automatisch, sobald Sie unsere Website betreten.<\/p><h3><br \/>Wof\u00fcr nutzen wir Ihre Daten?<\/h3><p><br \/>Ein Teil der Daten wird erhoben, um eine fehlerfreie Bereitstellung der Website zu gew\u00e4hrleisten.<br \/>Andere Daten k\u00f6nnen zur Analyse Ihres Nutzerverhaltens verwendet werden.<\/p><h3><br \/>Welche Rechte haben Sie bez\u00fcglich Ihrer Daten?<\/h3><p><br \/>Sie haben jederzeit das Recht unentgeltlich Auskunft \u00fcber Herkunft, Empf\u00e4nger und Zweck Ihrer<br \/>gespeicherten personenbezogenen Daten zu erhalten. Sie haben au\u00dferdem ein Recht, die<br \/>Berichtigung, Sperrung oder L\u00f6schung dieser Daten zu verlangen. Hierzu sowie zu weiteren Fragen<br \/>zum Thema Datenschutz k\u00f6nnen Sie sich jederzeit unter der im Impressum angegebenen Adresse an<br \/>uns wenden. Des Weiteren steht Ihnen ein Beschwerderecht bei der zust\u00e4ndigen Aufsichtsbeh\u00f6rde<br \/>zu.<\/p><h3><br \/>Analyse-Tools und Tools von Drittanbietern<\/h3><p><br \/>Beim Besuch unserer Website kann Ihr Surf-Verhalten statistisch ausgewertet werden. Das geschieht<br \/>vor allem mit Cookies und mit sogenannten Analyseprogrammen. Die Analyse Ihres Surf-Verhaltens<br \/>erfolgt in der Regel anonym; das Surf-Verhalten kann nicht zu Ihnen zur\u00fcckverfolgt werden. Sie<br \/>k\u00f6nnen dieser Analyse widersprechen oder sie durch die Nichtbenutzung bestimmter Tools<br \/>verhindern. Detaillierte Informationen dazu finden Sie in der folgenden Datenschutzerkl\u00e4rung. Sie<br \/>k\u00f6nnen dieser Analyse widersprechen. \u00dcber die Widerspruchsm\u00f6glichkeiten werden wir Sie in dieser<br \/>Datenschutzerkl\u00e4rung informieren.<\/p><h2><br \/>2. Allgemeine Hinweise und Pflichtinformationen<\/h2><h3><br \/>Datenschutz<\/h3><p><br \/>Die Betreiber dieser Seiten nehmen den Schutz Ihrer pers\u00f6nlichen Daten sehr ernst. Wir behandeln<br \/>Ihre personenbezogenen Daten vertraulich und entsprechend der gesetzlichen<br \/>Datenschutzvorschriften sowie dieser Datenschutzerkl\u00e4rung. Wenn Sie diese Website benutzen,<br \/>werden verschiedene personenbezogene Daten erhoben. Personenbezogene Daten sind Daten, mit<br \/>denen Sie pers\u00f6nlich identifiziert werden k\u00f6nnen. Die vorliegende Datenschutzerkl\u00e4rung erl\u00e4utert,<br \/>welche Daten wir erheben und wof\u00fcr wir sie nutzen. Sie erl\u00e4utert auch, wie und zu welchem Zweck<br \/>das geschieht. Wir weisen darauf hin, dass die Daten\u00fcbertragung im Internet (z.B. bei der<br \/>Kommunikation per E-Mail) Sicherheitsl\u00fccken aufweisen kann. Ein l\u00fcckenloser Schutz der Daten vor<br \/>dem Zugriff durch Dritte ist nicht m\u00f6glich.<\/p><h3><br \/>Hinweis zur verantwortlichen Stelle<\/h3><p><br \/>Die verantwortliche Stelle f\u00fcr die Datenverarbeitung auf dieser Website ist:<\/p><p><br \/>Friedrich Schmeling GmbH<br \/>Alte Strasse 67<br \/>45481 M\u00fclheim<br \/>Telefon: +49 (0) 208 424559<br \/>E-Mail: info@schreinerei-schmeling.de<\/p><p><br \/>Verantwortliche Stelle ist die nat\u00fcrliche oder juristische Person, die allein oder gemeinsam mit<br \/>anderen \u00fcber die Zwecke und Mittel der Verarbeitung von personenbezogenen Daten (z.B. Namen,<br \/>E-Mail-Adressen o. \u00c4.) entscheidet.<\/p><h3><br \/>Widerruf Ihrer Einwilligung zur Datenverarbeitung<\/h3><p><br \/>Viele Datenverarbeitungsvorg\u00e4nge sind nur mit Ihrer ausdr\u00fccklichen Einwilligung m\u00f6glich. Sie k\u00f6nnen<br \/>eine bereits erteilte Einwilligung jederzeit widerrufen. Dazu reicht eine formlose Mitteilung per EMail<br \/>an uns. Die Rechtm\u00e4\u00dfigkeit der bis zum Widerruf erfolgten Datenverarbeitung bleibt vom<br \/>Widerruf unber\u00fchrt.<\/p><h3><br \/>Beschwerderecht bei der zust\u00e4ndigen Aufsichtsbeh\u00f6rde<\/h3><p><br \/>Im Falle datenschutzrechtlicher Verst\u00f6\u00dfe steht dem Betroffenen ein Beschwerderecht bei der<br \/>zust\u00e4ndigen Aufsichtsbeh\u00f6rde zu. Zust\u00e4ndige Aufsichtsbeh\u00f6rde in datenschutzrechtlichen Fragen ist<br \/>der Landesdatenschutzbeauftragte des Bundeslandes, in dem unser Unternehmen seinen Sitz hat.<br \/>Eine Liste der Datenschutzbeauftragten sowie deren Kontaktdaten k\u00f6nnen folgendem Link<br \/>entnommen werden: https:\/\/www.bfdi.bund.de\/DE\/Infothek\/Anschriften_Links\/anschriften_linksnode.<br \/>html.<\/p><h3><br \/>Recht auf Daten\u00fcbertragbarkeit<\/h3><p><br \/>Sie haben das Recht, Daten, die wir auf Grundlage Ihrer Einwilligung oder in Erf\u00fcllung eines Vertrags<br \/>automatisiert verarbeiten, an sich oder an einen Dritten in einem g\u00e4ngigen, maschinenlesbaren<br \/>Format aush\u00e4ndigen zu lassen. Sofern Sie die direkte \u00dcbertragung der Daten an einen anderen<br \/>Verantwortlichen verlangen, erfolgt dies nur, soweit es technisch machbar ist.<br \/>SSL- bzw. TLS-Verschl\u00fcsselung<br \/>Diese Seite nutzt aus Sicherheitsgr\u00fcnden und zum Schutz der \u00dcbertragung vertraulicher Inhalte, wie<br \/>zum Beispiel Bestellungen oder Anfragen, die Sie an uns als Seitenbetreiber senden, eine SSL-bzw.<br \/>TLS-Verschl\u00fcsselung. Eine verschl\u00fcsselte Verbindung erkennen Sie daran, dass die Adresszeile des<br \/>Browsers von \u201ehttp:\/\/\u201d auf \u201ehttps:\/\/\u201d wechselt und an dem Schloss-Symbol in Ihrer Browserzeile.<br \/>Wenn die SSL- bzw. TLS-Verschl\u00fcsselung aktiviert ist, k\u00f6nnen die Daten, die Sie an uns \u00fcbermitteln,<br \/>nicht von Dritten mitgelesen werden.<br \/>Auskunft, Sperrung, L\u00f6schung<br \/>Sie haben im Rahmen der geltenden gesetzlichen Bestimmungen jederzeit das Recht auf<br \/>unentgeltliche Auskunft \u00fcber Ihre gespeicherten personenbezogenen Daten, deren Herkunft und<br \/>Empf\u00e4nger und den Zweck der Datenverarbeitung und ggf. ein Recht auf Berichtigung, Sperrung oder<br \/>L\u00f6schung dieser Daten. Hierzu sowie zu weiteren Fragen zum Thema personenbezogene Daten<br \/>k\u00f6nnen Sie sich jederzeit unter der im Impressum angegebenen Adresse an uns wenden.<\/p><h3><br \/>Widerspruch gegen Werbe-Mails<\/h3><p><br \/>Der Nutzung von im Rahmen der Impressumspflicht ver\u00f6ffentlichten Kontaktdaten zur \u00dcbersendung<br \/>von nicht ausdr\u00fccklich angeforderter Werbung und Informationsmaterialien wird hiermit<br \/>widersprochen. Die Betreiber der Seiten behalten sich ausdr\u00fccklich rechtliche Schritte im Falle der<br \/>unverlangten Zusendung von Werbeinformationen, etwa durch Spam-E-Mails, vor.<\/p><h2><br \/>4. Datenerfassung auf unserer Website<\/h2><h3><br \/>Cookies<\/h3><p><br \/>Die Internetseiten verwenden teilweise so genannte Cookies. Cookies richten auf Ihrem Rechner<br \/>keinen Schaden an und enthalten keine Viren. Cookies dienen dazu, unser Angebot<br \/>nutzerfreundlicher, effektiver und sicherer zu machen. Cookies sind kleine Textdateien, die auf Ihrem<br \/>Rechner abgelegt werden und die Ihr Browser speichert. Die meisten der von uns verwendeten<br \/>Cookies sind so genannte \u201eSession-Cookies\u201d. Sie werden nach Ende Ihres Besuchs automatisch<br \/>gel\u00f6scht. Andere Cookies bleiben auf Ihrem Endger\u00e4t gespeichert bis Sie diese l\u00f6schen. Diese Cookies<br \/>erm\u00f6glichen es uns, Ihren Browser beim n\u00e4chsten Besuch wiederzuerkennen. Sie k\u00f6nnen Ihren<br \/>Browser so einstellen, dass Sie \u00fcber das Setzen von Cookies informiert werden und Cookies nur im<br \/>Einzelfall erlauben, die Annahme von Cookies f\u00fcr bestimmte F\u00e4lle oder generell ausschlie\u00dfen sowie<br \/>das automatische L\u00f6schen der Cookies beim Schlie\u00dfen des Browsers aktivieren. Bei der<br \/>Deaktivierung von Cookies kann die Funktionalit\u00e4t dieser Website eingeschr\u00e4nkt sein. Cookies, die<br \/>zur Durchf\u00fchrung des elektronischen Kommunikationsvorgangs oder zur Bereitstellung bestimmter,<br \/>von Ihnen erw\u00fcnschter Funktionen (z.B. Warenkorbfunktion) erforderlich sind, werden auf<br \/>Grundlage von Art. 6 Abs. 1 lit. f DSGVO gespeichert. Der Websitebetreiber hat ein berechtigtes<br \/>Interesse an der Speicherung von Cookies zur technisch fehlerfreien und optimierten Bereitstellung<br \/>seiner Dienste. Soweit andere Cookies (z.B. Cookies zur Analyse Ihres Surfverhaltens) gespeichert<br \/>werden, werden diese in dieser Datenschutzerkl\u00e4rung gesondert behandelt.<\/p><h3><br \/>Server-Log-Dateien<\/h3><p><br \/>Der Provider der Seiten erhebt und speichert automatisch Informationen in so genannten Server-Log-<br \/>Dateien, die Ihr Browser automatisch an uns \u00fcbermittelt. Dies sind:<br \/>\uf0b7 Browsertyp und Browserversion<br \/>\uf0b7 verwendetes Betriebssystem<br \/>\uf0b7 Referrer URL<br \/>\uf0b7 Hostname des zugreifenden Rechners<br \/>\uf0b7 Uhrzeit der Serveranfrage<br \/>\uf0b7 IP-Adresse<br \/>Eine Zusammenf\u00fchrung dieser Daten mit anderen Datenquellen wird nicht vorgenommen. Grundlage<br \/>f\u00fcr die Datenverarbeitung ist Art. 6 Abs. 1 lit. b DSGVO, der die Verarbeitung von Daten zur Erf\u00fcllung<br \/>eines Vertrags oder vorvertraglicher Ma\u00dfnahmen gestattet.<\/p>\t\t\t\t\t<\/div>\n\t\t\t\t\t\t<\/div>\n\t\t\t\t<\/div>\n\t\t\t\t\t\t<\/div>\n\t\t\t\t\t<\/div>\n\t\t<\/div>\n\t\t\t\t\t\t\t\t<\/div>\n\t\t\t\t\t<\/div>\n\t\t<\/section>\n\t\t\t\t\t\t\t\t\t<\/div>\n\t\t\t<\/div>\n\t\t\t\t\t<\/div>\n\t\t","protected":false},"excerpt":{"rendered":"<p>Wer wir sind Die Adresse unserer Website ist: http:\/\/schreinerei-schmeling.de. Datenschutzerkl\u00e4rung 1. Datenschutz auf einen Blick Allgemeine Hinweise Die folgenden Hinweise geben einen einfachen \u00dcberblick dar\u00fcber, was mit Ihren personenbezogenenDaten passiert,&hellip; <br \/> <a class=\"read-more\" href=\"https:\/\/schreinerei-schmeling.de\/index.php\/datenschutzerklaerung\/\">Weiterlesen<\/a><\/p>\n","protected":false},"author":1,"featured_media":0,"parent":0,"menu_order":0,"comment_status":"closed","ping_status":"open","template":"","meta":{"ngg_post_thumbnail":0},"_links":{"self":[{"href":"https:\/\/schreinerei-schmeling.de\/index.php\/wp-json\/wp\/v2\/pages\/3"}],"collection":[{"href":"https:\/\/schreinerei-schmeling.de\/index.php\/wp-json\/wp\/v2\/pages"}],"about":[{"href":"https:\/\/schreinerei-schmeling.de\/index.php\/wp-json\/wp\/v2\/types\/page"}],"author":[{"embeddable":true,"href":"https:\/\/schreinerei-schmeling.de\/index.php\/wp-json\/wp\/v2\/users\/1"}],"replies":[{"embeddable":true,"href":"https:\/\/schreinerei-schmeling.de\/index.php\/wp-json\/wp\/v2\/comments?post=3"}],"version-history":[{"count":3,"href":"https:\/\/schreinerei-schmeling.de\/index.php\/wp-json\/wp\/v2\/pages\/3\/revisions"}],"predecessor-version":[{"id":301,"href":"https:\/\/schreinerei-schmeling.de\/index.php\/wp-json\/wp\/v2\/pages\/3\/revisions\/301"}],"wp:attachment":[{"href":"https:\/\/schreinerei-schmeling.de\/index.php\/wp-json\/wp\/v2\/media?parent=3"}],"curies":[{"name":"wp","href":"https:\/\/api.w.org\/{rel}","templated":true}]}}